 k = 25 + -35. Let b be g(k). Let q(u) = u - 8. What is q(b)?
-8
Suppose 15 = -3*k - 4*x + 36, 0 = -2*k - x + 19. Let i = k + -7. Suppose -i = 5*l + 16. Let g(w) = -w**2 - 3*w - 4. Determine g(l).
-8
Let n be 6/(-1)*(-58)/4. Suppose 5*x - 24 = -3*a, -x - 1 - 2 = -2*a. Let g(s) = 5*s**2 - 6*s + s - n*s**3 + 86*s**a - 2. Give g(4).
-6
Let j(c) be the second derivative of -c**3/6 + c**2 - 13*c. Let h be j(1). Let i(s) be the first derivative of -5*s**2/2 - s + 1. Give i(h).
-6
Let u = -3 - -6. Let c(r) = 3*r**3 - 2*r**3 - 3 - u*r**2 + r**2 + 2*r. Suppose 28 + 4 = 16*x. Calculate c(x).
1
Let o(j) = -j**3 + 3*j**2 - 2*j - 2. Suppose 3*p - 15 = -0, 0 = -v - 3*p + 19. Determine o(v).
-26
Let k(b) = b**2 + 8*b - 13. Let n be k(-10). Let m(q) = -n*q + 4 - q + 2*q + q**2 - 1. Let s be m(4). Let j(c) = c + 4. Give j(s).
-1
Let w(h) be the first derivative of 10*h**3/3 + h**2/2 + 24. What is w(-1)?
9
Let i(p) be the first derivative of -7*p + 1/2*p**3 + 0*p**2 - 6 + 1/12*p**4. Let g(r) be the first derivative of i(r). What is g(3)?
18
Let s(b) = b + 4. Let i be (16/10)/(2/(-20)). Let m = 17 + i. Suppose -5*h - 31 = -3*f, 0*h - 2*f = h + m. Calculate s(h).
-1
Let f(v) be the third derivative of v**6/120 - v**5/60 + v**4/24 - v**3/2 + 3*v**2 - 92. Determine f(0).
-3
Suppose a = 4*g - 9, 3*g - 4*a - 25 = -2*g. Let x be 5 - (-1)/g*-3. Let t(k) be the second derivative of k**5/10 - k**4/6 - k**3/3 + 13*k. What is t(x)?
4
Let x(f) = -f**3 - 17*f**2 + 13*f**2 + 29*f - 5*f**2 - 41*f - 8. What is x(-8)?
24
Let f(h) = -11*h + 45. Suppose 4*p + 7*s - 11*s = 16, 3*p = -3*s + 12. What is f(p)?
1
Let q be 2/(-6)*(-1116)/31. Let l(b) = -b**2 - 7*b + 3. Let m be l(-8). Let i(f) = -15*f - 12. Let r(g) = -6*g - 5. Let t(z) = m*i(z) + q*r(z). Calculate t(1).
3
Let p(i) = -i + 26. Suppose -20 = -4*z + 3*z. What is p(z)?
6
Suppose -s - 16 = 3*c, 0*c + 23 = 2*s - 5*c. Let l(m) = 4*m + 2. Give l(s).
-2
Let l = 117 - 113. Let m(s) = 3*s**2 + 3*s + 10. Let f(b) = -7*b**2 - 5*b - 20. Let r(q) = l*f(q) + 9*m(q). What is r(9)?
-8
Suppose 81*n - 3 = 78*n, -2*q + 2 = 2*n. Let s(u) = u**2 - u + 6. Determine s(q).
6
Let r(t) = -6*t + 178 + 10*t - 8*t - 173. What is r(7)?
-23
Let y(b) be the second derivative of b**5/60 + 7*b**4/24 + 7*b**3/6 + 10*b**2 - 18*b. Let k(o) be the first derivative of y(o). Determine k(-6).
1
Let u(s) be the second derivative of -s**5/5 + s**4/4 - s**3/6 + s**2/2 + s - 163. Calculate u(2).
-21
Suppose -3*a = 1 - 13. Let r(l) = 270*l**2 + 4*l + 31 + 0*l - 26 - 272*l**2. Give r(a).
-11
Let d = 86 + -81. Let q(j) = -j**3 + 5*j**2 - j - 8. Let f(l) = l**3 - 5*l**2 + l + 7. Let y = 17 - 12. Let g(k) = y*f(k) + 4*q(k). Determine g(d).
8
Let z(f) = 580*f**2 + 32 + 14*f - 582*f**2 - 27. Determine z(7).
5
Let p(z) = -z**3 - 17*z**2 - z - 12. Let k be p(-17). Let g(h) be the second derivative of h**3/2 + 3*h**2/2 + 3*h. What is g(k)?
18
Let v(r) = -4*r**2 + 3*r - 1. Suppose -3*i - 2*i = -5. Let c be i/3*(1 - 3)*-3. Determine v(c).
-11
Let u(s) = -20*s - 2. Let k be u(-2). Let z = -47 + k. Let h(y) = -y**3 - 9*y**2 + y + 1. What is h(z)?
-8
Let z be (15/(-600))/((-3)/2). Let n(o) be the third derivative of 0 + o**3 - 3*o**2 + 0*o - z*o**5 + 5/24*o**4. Give n(5).
6
Let n(g) = 38*g + 600. Let v be n(-16). Let b(y) = 0*y**2 - y**2 + 1 + 1 - 8*y. Let f be b(v). Let t(q) = -4*q - 1. What is t(f)?
-9
Let k be 1540/121 + (-3)/(-11). Let a(z) = -z**3 + 12*z**2 + 16*z + 2. Calculate a(k).
41
Let p = 312 - 313. Let j be (-2)/(-7) + (-6)/21. Let w(t) = 3 - 2 - 2*t**2 + j*t**2. What is w(p)?
-1
Let u(g) = -54*g**2 + g. Suppose 23 - 22 = c. What is u(c)?
-53
Suppose -3*s = -s + 5*x - 4, -4*x = 0. Let m(i) = -s*i + 4*i + i**2 - 5 - 3*i. Let z = -38 + 38. What is m(z)?
-5
Suppose 2*l + 18*n - 16*n - 4 = 0, -3*l - 5*n + 4 = 0. Let y(h) = -2*h**2 + 2*h + 7. Determine y(l).
-5
Suppose -u = 2*u - 21. Let h(w) = 95 + u*w - 90 - w + w**2. Suppose 0 = 5*d + 5 + 15. What is h(d)?
-3
Let b be (-1)/(3 + 64/(-20)). Suppose -b*j + 2 = 2*o, 4*o = -0*j + j + 26. Let g(x) = x**3 - 6*x**2 - x - 7. What is g(o)?
-13
Let z(u) = -3*u + 1. Let v be z(1). Let y(x) be the second derivative of 18*x + 1/3*x**3 + 3/2*x**2 + 0. Determine y(v).
-1
Let a = -2 + 5. Let p(f) = a + 0 + f - 2*f. Let x be (4/(-6) - (-8)/12) + -6. Give p(x).
9
Let o(w) be the second derivative of -w**5/20 - 7*w**4/12 - 5*w**3/6 - 3*w**2 - w. Suppose j + 2 = 5. Let h be ((-18)/21)/(j/21). Calculate o(h).
-12
Let w(a) = 19 - 14 - 5 - a. Give w(10).
-10
Let z(n) be the first derivative of -7 + 7/3*n**3 + 7*n + 1/4*n**4 + 1/2*n**2. What is z(-7)?
0
Let y be 10/(-6 + 4)*-1. Let c(m) = -y - 1 + 9 - 4 - 5*m. Calculate c(-4).
19
Let u(q) = -2*q**2 - q + 4 + 3*q**2 + 6*q. Suppose -11*o - 3494 = -3428. What is u(o)?
10
Let l(x) = -12*x**2 + 6*x + 9. Let v(y) = -14*y**2 + 7*y + 11. Let n(z) = -6*l(z) + 5*v(z). Suppose -14 = -3*c - 2. Let i be c/(-3) + 2/(-3). What is n(i)?
11
Let p be (20/(-25))/(4/(-10)). Suppose -2 = p*s - 6. Let q(u) = -10 - s*u + 4*u + 9 + 0. What is q(1)?
1
Let o be 9*(-4 - (-56)/12). Suppose o = d - 1. Let b(r) be the first derivative of -r**4/4 + 2*r**3 + 5*r**2/2 + 10*r + 1. Determine b(d).
-4
Let d(g) = g**2 + 11*g - 24. Let s be d(-13). Suppose -s*b - 2 - 2 = 0. Let c(i) = -i**3 - 3*i - 3. Determine c(b).
11
Let a(c) = -c + 14. Let o be a(6). Let s(k) = k**2 - 5*k - 4. Let v be s(o). Let u(g) = -v*g + 20*g - 5*g**2 - 1. Calculate u(1).
-6
Let n = 5 - 2. Suppose 0*z = z - n. Let q(s) = -z*s + 2*s + 0*s**2 - 3 + 3*s + s**2. Calculate q(-5).
12
Let w(c) = c**2 + 10*c - 28. Let h be w(-12). Let v(q) = q**3 + 4*q**2 - 2*q - 2. What is v(h)?
6
Let t(v) = 2*v**3 - 4*v**2 + 4*v - 3. Let j = 2 - -18. Let d be 32/14 - j/70. Calculate t(d).
5
Let v(g) = 2*g**2 + 7*g - 4*g**2 - 2 + g**2. Let h = -3846 - -3852. Calculate v(h).
4
Let i be 64/10 + 6/15*-1. Let j(z) = i - z**2 - 1402*z - 2 + 1396*z. Calculate j(-6).
4
Suppose 110 = -3*a + 23. Let s = 33 + a. Suppose 5*n - s*n = 0. Let q(r) = r**3 + r - 1. Calculate q(n).
-1
Let l(y) = -y**3 + 2*y**2 + 2*y + 8. Let o(b) = -2*b**3 + 6*b**2 + 5*b + 19. Let j(c) = 7*l(c) - 3*o(c). Let q = -3 + 4. Let i be 3*(q - 14/6). What is j(i)?
3
Let p(x) = -8*x**2 + 0*x + x**3 - 7*x + 15*x**2 - 14*x**2 - 9. Determine p(8).
-1
Let q(l) = 3*l - 5. Let r = 513 - 521. Calculate q(r).
-29
Let o(p) be the third derivative of p**6/120 + p**5/30 - 5*p**4/24 + p**3/6 + 3*p**2. Let w(x) = 2*x**3 + 5*x**2 - 2*x - 1. Let i be w(-3). Determine o(i).
-11
Let a be -3*2/8*(-144)/27. Suppose -27 = -a*q - 31. Let b(c) = 2*c + 0*c - 3*c - 8*c**3. What is b(q)?
9
Let m(l) = l - 1. Let a(r) = -r - 9. Let z be a(-6). What is m(z)?
-4
Let k(v) be the first derivative of 5*v**3/3 - 17*v**2/2 + 5*v + 8. Let s(h) = -3*h**2 + 9*h - 2. Let l(m) = 4*k(m) + 7*s(m). What is l(-6)?
0
Suppose 0*x = -x + 24. Let a(s) = 12*s + s**2 + 12 + 0*s**2 - x*s. Let q be a(11). Let w(p) = -6*p**2 - 2*p + 1. Determine w(q).
-7
Suppose -23*m - 9 = -20*m. Let s(p) = 4*p**2 + 6*p - 1. Let t(d) = 7*d**2 + 11*d - 2. Let c(f) = m*t(f) + 5*s(f). Calculate c(-3).
1
Suppose -5*d = 7 + 3, 0 = -3*q - 2*d - 13. Let i be 6*(10/(-4) - q). Let c(w) = w + 8 - 1 - i. Give c(-6).
-2
Let n be 80 - (1 - 10 - -4). Suppose 15*d + 2*d + n = 0. Let x(b) be the third derivative of b**6/120 + b**5/15 - 5*b**4/24 - 5*b**3/6 - b**2. Give x(d).
-5
Let q(k) = k - 1. Let l be -17 + 19 + (-18)/(-2). Suppose 0 = -p + l + 9. Suppose -3*d + 5*i = -8, 2*d + 3*i = -0*d - p. Give q(d).
-5
Let r(q) = q**2 - 7*q - 6. Let d = 83 - 50. Let n = 41 - d. Give r(n).
2
Let z(r) = 19*r + 2. Let t(w) = 3*w. Let o(k) = -6*t(k) + z(k). Calculate o(3).
5
Let h(l) = l - 3. Suppose -5*n = -13*n + 24. Suppose -x = -n*w - 2*w + 41, -4*w + 2*x + 34 = 0. What is h(w)?
5
Let b(y) = -y**2 - 3*y + 3. Suppose 0 = -5*i - 63 + 428. Suppose 4*s - 65 = d, -5*s - 2*d - 8 = -i. Suppose h = -2*h - s. What is b(h)?
-7
Let y(i) = 14*i**2 + 2*i + 6. Let c(m) = 36*m**2 + 7*m + 16. Let g(o) = 3*c(o) - 8*y(o). Give g(2).
-6
Let o(r) = r**3 - 2*r - 2. Let m be o(0). Let u(n) be the second derivative of 2*n**3/3 + n**2 + n. Calculate u(m).
-6
Let a(q) = q + 4 - 3*q - 4 + q - 4. Suppose -29 = 3*f + 1. Determine a(f).
6
Let n(p) = -14*p - 1. Let g = -22 - -18. Let d be (g + 2)*(-1)/2. Give n(d).
-15
Let j(a) = -a**3 -